 = -5*l. Let a be x(l). Let g = a + -12. What are the prime factors of g?
2, 5
Let u = 183 - 130. Let h(s) = s**2 - 10*s - 2. Let g be h(8). Let b = u - g. List the prime factors of b.
71
List the prime factors of 529744/80*2 + 8/20.
2, 7, 11, 43
Let v = 38844 - 13249. List the prime factors of v.
5, 5119
Let u(t) = -t**2 + 5*t + 78. Let x be u(11). Let j(l) = -l**3 + 16*l**2 + 19*l + 37. List the prime factors of j(x).
29
Let v(n) = n**3 - 59*n**2 + 59*n - 31. What are the prime factors of v(66)?
5, 6871
Suppose -3*v + 0*n = -n - 2005, -4*v + n = -2673. Suppose v = 5*p - p. Suppose -2*r + p - 53 = 0. What are the prime factors of r?
3, 19
Let u(q) = -15*q**2 + q + 1. Suppose -3*y - 15 = -3*c, 3*y - 3 = -4*c + 10. Let r be u(c). Let d = 334 + r. List the prime factors of d.
3, 11
Let c(m) be the second derivative of -m**5/20 - m**4/12 - m**3/6 + 177*m**2/2 + 1084*m. Let f = -2 - -2. What are the prime factors of c(f)?
3, 59
Suppose 91*g = 88*g + 6. Suppose d + o + 154 = -2*o, 0 = g*o. Let t = d - -252. What are the prime factors of t?
2, 7
Let o(w) = 2*w**2 + 40*w - 23. Let v be o(-27). Suppose -3*p - h = -1121, 4*h + h = -p + v. List the prime factors of p.
3, 5
Suppose 416 = 2*z - 12 - 2408. What are the prime factors of z?
2, 709
Suppose -86*v + 32510 = -13*v - 165758. What are the prime factors of v?
2, 7, 97
Let m(l) be the third derivative of 0*l - 11*l**2 - 7/6*l**3 + 0 + 1/6*l**4 + 7/60*l**5. List the prime factors of m(-4).
89
What are the prime factors of 940/282*(-12)/(-10)*5282/4?
2, 19, 139
Let l(q) = 13*q**2 + 18*q + 26. Suppose 0 = -3*b - 2*f - 22, -13*b = -12*b + f + 7. List the prime factors of l(b).
2, 3, 7, 17
Let j = 7 + 35. Suppose 0 = -3*h - a + 77, 0 = -2*h - 0*h - 4*a + 38. Let i = h + j. What are the prime factors of i?
3, 23
Let z = 106 - 68. Let t = -38 + z. Suppose t = -0*i + 2*i, 5*r = -5*i + 335. What are the prime factors of r?
67
Let g be 1068/66 - 1*2/11. List the prime factors of (1/((-3)/g))/(76/(-6726)).
2, 59
Let w = 39971 + -12039. What are the prime factors of w?
2, 6983
Suppose -11*x = -3*x - 16. Suppose 3*w - 215 = x*c, 0 = -2*c - 2*c - w - 395. Let f = c - -256. List the prime factors of f.
2, 3, 13
List the prime factors of 441016812/12393 + 2/51.
2, 3, 659
Suppose -72 = 6*o - 72. Let y(p) = 3*p**2 + 3*p + 325. What are the prime factors of y(o)?
5, 13
Let p(v) be the second derivative of -v**4/12 - 22*v**3/3 - 39*v**2 + 147*v. What are the prime factors of p(-21)?
3, 5
Let l(d) = -205*d - 19. Let o be l(3). Let r = o + 1130. What are the prime factors of r?
2, 31
Let b(a) = -6*a**2 + 122*a - 20. Let t = 108 - 93. What are the prime factors of b(t)?
2, 5, 23
Let n = 27046 - 15092. What are the prime factors of n?
2, 43, 139
List the prime factors of (-150)/300 + (-4822)/(-4).
5, 241
Let q = -20 - -26. List the prime factors of q + 21/(-3) - -5.
2
List the prime factors of (793540/(-77))/(-35 + 40 - (-74)/(-14)).
2, 5, 3607
Let u(h) = 10*h**2 - 22*h - 4. Suppose 8 = -4*i - 24. List the prime factors of u(i).
2, 7, 29
What are the prime factors of 141919/13 + 192/1248?
3, 1213
Let w = 19464 - 12316. What are the prime factors of w?
2, 1787
Let x be -24*(124/6)/(-1). Let l(c) = -9*c - 245. Let f be l(-28). Suppose x = -f*v + 11*v. List the prime factors of v.
2, 31
Let f(l) = 3526*l + 722. List the prime factors of f(2).
2, 13, 23
Let f = -58 - -58. What are the prime factors of 0 - (-196 + f*1/3)?
2, 7
Suppose 65325 - 24747 = 6*i. List the prime factors of i.
6763
Let l(h) = 642*h**3 - 1. What are the prime factors of l(1)?
641
Suppose 3*q = -99 + 21. Suppose -2*s + 311 = 5*x, 2*x + 240 - 62 = s. Let d = q + s. What are the prime factors of d?
2, 71
Let w(a) be the first derivative of 35*a**2 - 8*a + 8. Let h = 87 + -85. List the prime factors of w(h).
2, 3, 11
Let z = -40932 - -87853. List the prime factors of z.
7, 6703
Suppose -24*y - s = -28*y + 24333, 4*y + 3*s = 24329. List the prime factors of y.
7, 11, 79
Let x(j) = 4790*j + 364. List the prime factors of x(2).
2, 11, 113
Let d(k) = k**2 + 17*k + 45. Let l be d(-14). Suppose -6*t = -l*t - 690. What are the prime factors of t?
2, 5, 23
What are the prime factors of (-76)/(-133) - 608536/(-28)?
2, 10867
Let a be 30 - ((-2 + 1)*1 - -2). Let c = a + 91. What are the prime factors of c?
2, 3, 5
Let w be -2*-6*6/24. What are the prime factors of 1/w - (-31932)/108?
2, 37
Suppose -2*i + k = -5071, 3*i - 3*k - 889 - 6713 = 0. What are the prime factors of i?
43, 59
Let n(r) = 31*r**2 - 4*r + 5. Let q(l) = -2*l**2 + 62*l - 57. Let d be q(30). List the prime factors of n(d).
2, 17
Suppose -4*h - 2*y = -52539 - 51237, 0 = 3*h + y - 77831. List the prime factors of h.
25943
Suppose 33 = -17*z + 20*z. Let j(y) = y**2 + 35*y - 40. Let o(m) = 3*m**2 + 104*m - 121. Let a(s) = z*j(s) - 4*o(s). What are the prime factors of a(-31)?
2, 11
Let y = -16 + 98. Suppose -3*g = -5*p + 155, -6*g = -3*p - 2*g + y. Suppose -2*k + 94 = 3*s, 6*s - s = k - p. What are the prime factors of k?
2, 11
Let z = 40 + -27. Let b(u) = 8*u + z*u + 5 - 16*u. List the prime factors of b(4).
5
Let u(x) = 8 + 6 - 207*x + 214*x + x**2. Let d be u(-5). Suppose -k = -0*k - 2, -5*m + 352 = -d*k. What are the prime factors of m?
2, 3
Let s be ((1 - 3) + 11)/(47 + -44). Suppose -1518 = -5*x - 3*v, -50*x = -47*x + s*v - 912. List the prime factors of x.
3, 101
Let o(h) = -h**3 - 10*h**2 - 17*h - 65. Let p be o(-9). Let i(m) = 223*m - 271. What are the prime factors of i(p)?
2, 3, 5, 43
Let t(z) = -7*z - 35. Let s be t(-7). Suppose p + 2*j + 13 = 0, -p + 5*j = -1 - s. Let y(v) = v**2 - 8*v - 4. List the prime factors of y(p).
61
Let i(s) = 22*s**3 + 8*s**2 + 18*s + 11. Let n be i(-8). List the prime factors of ((n/(-20))/(-7))/((-5)/80).
2, 311
Suppose 7724 = 4*d - 6*t + 10*t, 3*t - 7723 = -4*d. What are the prime factors of d?
2, 5, 193
Let r(i) = -i**3 + 42*i**2 - 30*i - 125. List the prime factors of r(33).
2, 43, 101
What are the prime factors of 380752/12 - 7/(126/(-12))?
2, 5, 19, 167
Suppose 0 = -3*y + b + 80834, -4*y + 147*b - 151*b + 107736 = 0. What are the prime factors of y?
2, 19, 709
Let j = 85249 - 39973. List the prime factors of j.
2, 3, 7, 11
Suppose -4*s = 372*c - 375*c + 55354, 4*c - 5*s - 73803 = 0. What are the prime factors of c?
2, 9221
Suppose -46380 = -47*c + 27*c. List the prime factors of c.
3, 773
Let n = 828 - 154. Suppose 750 = 8*t - n. List the prime factors of t.
2, 89
Suppose r = 328 - 0. Suppose 0 = 2*q + 3219 - 3539. Let o = r - q. What are the prime factors of o?
2, 3, 7
What are the prime factors of (-3)/5 + (-16)/40 - (-26 - 5863)?
2, 23
Let f(g) = -g**2 - 8*g + 42. Let j be f(-12). What are the prime factors of 0 - (j + 0 + -478)?
2, 11
Let a(w) = -4689*w + 1555. List the prime factors of a(-6).
11, 2699
Suppose -p = p - 8. Suppose 0 = i - a - 2 + 1, 2*a + p = 3*i. Suppose -n - n = -3*w - 182, -i*w = 3*n - 286. What are the prime factors of n?
2, 47
Let d = 16801 - 5652. What are the prime factors of d?
11149
Let u(n) = -6502*n - 1654. List the prime factors of u(-5).
2, 7, 19, 29
Let p(o) be the third derivative of o**5/60 - o**4/8 - o**3/2 - 16*o**2. Let d be p(3). What are the prime factors of (-35)/(-10)*(9 + (-3)/d)?
5, 7
Let i = -1638 - -1933. What are the prime factors of i?
5, 59
Let j = -382 + 647. Let b = j + 1. What are the prime factors of b?
2, 7, 19
Let l(z) = 3*z**2 - 99*z + 310. Let i be l(33). Let h = -650 + 1106. Let g = h - i. What are the prime factors of g?
2, 73
Let k(z) = -3*z + 13. Let i be k(4). Let b be (-201)/18 - (i + 7/(-6)). Let c = b - -81. What are the prime factors of c?
2, 5, 7
Let i = 13 + 5. Suppose -10*f = -16*f - i. List the prime factors of (f + 1)/((-6)/213) - -2.
73
Suppose -3*v = -15*x + 8*x - 255956, 5*v + 5*x = 426610. List the prime factors of v.
41, 2081
Let q(x) = -14*x - 77. Let v be q(-6). Suppose 5*h + 6*p - v*p = 3310, -p = 5*h - 3310. What are the prime factors of h?
2, 331
What are the prime factors of 3 - -8 - (-544726)/39 - (-4)/6?
7, 1997
Suppose q - 1307 = -5*n + 16965, q - 2 = 0. Suppose 4*l - 912 = -d - 190, -2*l - n = -5*d. What are the prime factors of d?
2, 5, 73
Suppose -111*t = -50*t + 75*t - 144160. List the prime factors of t.
2, 5, 53
List the prime factors of ((-3242)/(-3))/(10/15).
1621